-2*j + v + 147958 = 0, 21*j + 369922 = 26*j + 2*v. List the prime factors of j.
2, 71, 521
Let w = 2429 + -2426. Let v(h) = 2*h + 1. Let x be v(2). Suppose 5*f = 5*t - 765, -x*t + 7*f = w*f - 761. What are the prime factors of t?
149
Let q(z) = 2*z**2 - 3*z + 1. Let l be q(2). Suppose -4*d - 3*h - 8 = 0, -l*d + h - 2 = -2*d. Let y(o) = -16*o - 10. What are the prime factors of y(d)?
2, 11
List the prime factors of ((-1008)/392)/(3/(-11599)).
2, 3, 1657
Suppose -19*i - 6975 - 4235 = 0. Let m = -130 - i. What are the prime factors of m?
2, 5, 23
Let r = 2610 + -2029. What are the prime factors of r?
7, 83
Let n = 249 - 247. Suppose -3*r = 5*s - 1113, r + 80 = -n*s + 451. List the prime factors of r.
7, 53
Let y(q) = 4*q**2 + 17*q**2 - 2 + 5 - 4*q + 7*q**2. Suppose 6*c - 10*c - 14 = t, 5*c + 20 = 0. What are the prime factors of y(t)?
107
Let x = 255 - 181. Let p = 74 - x. Suppose 154 = -p*b + b. List the prime factors of b.
2, 7, 11
Let z(t) = -2*t**2 - 20. Let x be z(5). Let v = x + 88. Suppose -v*o + 5*o + 1547 = 0. What are the prime factors of o?
7, 17
Suppose 5*m - 808 = -4*w, 14*m - w - 495 = 11*m. List the prime factors of 410/m*404/(2/1).
5, 101
What are the prime factors of ((-10182)/10)/(14*24/(-3360))?
2, 3, 1697
Let s(u) = 20*u + 51. Let p be s(15). Suppose -404 = -3*w + 5*x + p, -w - x + 265 = 0. What are the prime factors of w?
2, 5, 13
Let n = 0 - -3. Let a be (-32)/(-12)*n/4. Suppose -a*v + 235 = 3*v. List the prime factors of v.
47
Let h(i) = 5*i + 29. Let m be h(-5). Suppose 0 = -m*c - 2*u + 1206, 0 = 4*c - 2*u - 2*u - 1212. List the prime factors of c.
2, 151
Let n = -1240 + 4650. List the prime factors of n.
2, 5, 11, 31
Suppose 26*z + 100 = 30*z. Suppose z*d - 3663 = -8*d. List the prime factors of d.
3, 37
Let o = -2733 - -1621. Let r = -513 - o. What are the prime factors of r?
599
Suppose -5*a + 3*c = 610 - 10485, 0 = 2*a + 4*c - 3924. Let k = -668 + a. List the prime factors of k.
2, 163
Let l be 9/36 - (-581)/(-4). Let z = l - -452. List the prime factors of z.
307
Let c = -19085 - -41762. What are the prime factors of c?
3, 7559
Let h = 48106 + -27673. What are the prime factors of h?
3, 7, 139
Suppose 18*p - 17*p - 4*a = 101, 3*a = -p + 66. Suppose 0 = -8*x + 5447 + p. What are the prime factors of x?
691
What are the prime factors of -16*75/(-400) + (42111 - 0)?
2, 3, 7019
List the prime factors of (175679776/240)/38 + (-3)/(90/4).
3, 6421
What are the prime factors of (302 - 36)*1*(-356)/(-8)?
7, 19, 89
Suppose -56 = -10*i + 2*i. Suppose -i*f = -4*f - 9. Suppose 5*h = f*p - 117, 5*p - 4*h - 106 = 76. List the prime factors of p.
2, 17
Suppose -3*a - 39906 = -16*f + 14*f, 5*f + a - 99816 = 0. List the prime factors of f.
2, 3, 1109
Let h be (-2)/(-4)*(-570368)/(-64). Suppose 6*p + 88 = h. What are the prime factors of p?
2, 7, 13
What are the prime factors of 330/20*(-224070)/(-99)?
5, 7, 11, 97
Let x = -294 + 144. Let p = x + 592. List the prime factors of p.
2, 13, 17
Let i(x) = -x**2 + 11*x + 22. Suppose t + 2*k = 17, -2*t = 2*t + k - 54. Let b be i(t). Let u = 105 - b. What are the prime factors of u?
109
Let x be (-12)/(-3 - 0)*(-4 + 20). List the prime factors of x/(-416) + (-7960)/(-26).
2, 3, 17
Suppose 0 = 2*g + 2*j - 78, 1 + 2 = 3*j. Let v = 264 - g. What are the prime factors of v?
2, 113
Suppose -33*w - 1814886 = -78*w - 36*w. What are the prime factors of w?
2, 17, 659
Let p = 38956 - 25578. Suppose 21*l + 295 = p. What are the prime factors of l?
7, 89
Suppose 5*x = 4*f - 355861, -1916*x + 444800 = 5*f - 1917*x. List the prime factors of f.
3, 13, 2281
Suppose -9 = -9*f + 6*f + 3*d, -f - d = -11. Suppose 257 + 422 = f*k. List the prime factors of k.
97
Suppose -2 = 15*i - 16*i. List the prime factors of (11 + 7)*3*3/i.
3
Let m(t) = -199*t + 5*t + 12 - 51*t. List the prime factors of m(-1).
257
Let k(o) = 4*o - 8. Let y be k(3). Suppose f - l - 1 - 1 = 0, -2*f = -y*l - 10. What are the prime factors of (-47)/((-2 - -1) + -1 - f)?
47
Let t(k) = 275*k**2 + 432*k - 5. What are the prime factors of t(-7)?
2, 3, 1741
Let z(c) = -21 - 146*c - 23 - 13 + 24 - 3. What are the prime factors of z(-4)?
2, 137
Let v(c) = -14 - c + 3*c + 41*c + 34. Let b be v(11). Suppose -4*t + s + 4*s = -b, -483 = -4*t + 3*s. What are the prime factors of t?
3, 13
Suppose -4*f - 3*q = -2*q - 6573, 1640 = f - 3*q. Suppose 4*l = -5*j + f - 588, 2*l - 517 = j. Suppose 0 = 7*w - 12*w + l. List the prime factors of w.
2, 13
Let i(p) = 15 - 36 + 254*p - 249*p + p**2. Let l be i(-8). List the prime factors of -1 - (-195)/(15/l).
2, 19
Suppose -3*w = 3*b + 6563 - 17648, 7390 = 2*w + 4*b. List the prime factors of w.
5, 739
Let r be (0 + 44)*5/5*254. Suppose 12*a + 10*a - r = 0. What are the prime factors of a?
2, 127
Let b = 3142 - -14130. List the prime factors of b.
2, 17, 127
Suppose 691 = -q + 3*m, 4*q = -4*m + 805 - 3617. Let n = 1650 + -1644. List the prime factors of q/n*180/(-75).
2, 5, 7
Let k be (66 + -3 + -2)/1. Let w = 15 + k. Suppose -4*i - 4*n = -76 - w, 0 = 4*i + 2*n - 156. List the prime factors of i.
2, 5
Let z(w) = -w**3 + 31*w**2 + 21*w + 22. Let h(u) = u**3 - 31*u**2 - 22*u - 23. Let f(o) = -5*h(o) - 6*z(o). List the prime factors of f(32).
3, 5, 11
Let g(q) = -869*q + 114. List the prime factors of g(-6).
2, 3, 37
Let v = -5032 - -16480. List the prime factors of v.
2, 3, 53
Let o(g) = -15*g**3 - 7*g**2 - 21*g - 3. Let w be o(-3). Suppose 2*r + 2*m + 48 = 316, 3*r - w = -m. List the prime factors of r.
2, 67
Suppose 53*o = 58*o - 5. List the prime factors of 2/o + 202 + -6.
2, 3, 11
Let y be ((-21)/(1 - -2))/((-161)/46). Suppose -4 = -h + 1. Suppose -y*a + n = -337, -518 = -5*a - h*n + 362. What are the prime factors of a?
3, 19
Let j = -133 + 1593. Suppose -21*o + 451 = -j. List the prime factors of o.
7, 13
Let m = 3155 + 2726. What are the prime factors of m?
5881
Let s be (117/(-52))/((-3)/(-496)). Let y = -254 - s. Suppose 7*l - 71 = y. List the prime factors of l.
3
Suppose 0 = 28*p - 30*p. Suppose 105 = 5*d + 4*q, p = -5*d + d + 5*q + 84. What are the prime factors of ((-18)/d)/(-1 + 1010/1015)?
2, 3, 29
Let b(i) = -76*i**3 - 7*i - 6. Let u(h) = -2*h**2 - 20*h + 3. Let f be u(-10). Suppose f*o = -0*o - 3. What are the prime factors of b(o)?
7, 11
Suppose 5*v - 351 = 184. Suppose -144*x + 85*x = -236. Suppose x*g - s - 3*s = 380, 2*s - v = -g. List the prime factors of g.
3, 11
Suppose 24 = 21*p - 19*p. Suppose 0 = -14*o + p*o + 888. What are the prime factors of o?
2, 3, 37
Suppose -236 = -2*m - 824. Let c = 534 + m. List the prime factors of (-6)/(-9) + c/18.
2, 7
Let i be (-4 - -2)/((-26)/39). Suppose i*h - 914 + 128 = 0. What are the prime factors of h?
2, 131
Suppose 4*z + 21946 = 3*r - z, 3*r = z + 21950. What are the prime factors of r?
3, 271
Let d(f) = 1907*f + 10. Let t = 249 + -248. What are the prime factors of d(t)?
3, 71
Let v be ((-16)/12*3 - -2) + 2. Suppose 8 = -v*n - 4*n. What are the prime factors of (n*(-114)/18)/((-4)/(-6))?
19
Let m(u) = 45*u**3 - 10*u**2 - 10*u + 60. List the prime factors of m(8).
2, 3, 5, 373
Suppose 0 = y + 4*y - 5. Suppose 0 = 5*z - y + 21. Let h(a) = -a**3 - a**2 - 10*a - 6. List the prime factors of h(z).
2, 41
Suppose 103*i - 326784 = 35776. What are the prime factors of i?
2, 5, 11
Let v be 10*(2 - (-1 + (-7)/(-2))). What are the prime factors of 2 + 264 + 7 + v?
2, 67
Let z(f) = f**3 - 38*f**2 - 389*f - 60. List the prime factors of z(49).
2, 3, 5
Suppose -j + 2*d - 80 = 0, 0 = -4*j + 5*d - 129 - 206. Let c = -148 + 120. Let k = c - j. List the prime factors of k.
2, 31
Let l(k) = -4*k - 5. Let r be l(-2). Suppose -3*n - r*n = -24. Suppose n*i = -12, 0*j - 5*i + 325 = 2*j. What are the prime factors of j?
2, 5, 17
Suppose 2*b = -11 + 1. Let g = 118 + b. List the prime factors of g.
113
Let q(h) = 142*h**2 + 4*h + 3. Let u = -230 + 229. What are the prime factors of q(u)?
3, 47
Let t(r) be the first derivative of 17*r**2/2 + 4*r - 23. What are the prime factors of t(14)?
2, 11
Suppose 2*j = m - 6293, -133*j - 2 = -132*j. What are the prime factors of m?
19, 331
Let c be (-4)/(-14) - (-33021)/189. Suppose -9*d = -c - 113. List the prime factors of d.
2
Suppose -4*r + 2*b + 139650 = 0, -10*b - 15 = -15*b. List the prime factors of r.
2, 3, 11, 23
Suppose -l + 2 = 